 Let j(w) = 2*w**2 - w**3 + 2*w + 2*w**3 + w**2 + 2. Let p be j(-2). Calculate a(p).
1
Let m be (-15)/5 + 6 + -1. Let h(t) = -2*t**2 + 2*t + 0*t**2 + 3 + t**m. Give h(4).
-5
Suppose 3*y + 3 = 2*x + x, -2*x + 4 = -3*y. Let h(t) = t**3 - t + 2. Determine h(y).
-4
Let k(f) = f - 7. Suppose -t + 2 = -2. Suppose -1 = t*g - 13. Give k(g).
-4
Let c(i) be the first derivative of -2*i + 3*i**2 + 3 + 1/3*i**3. What is c(-5)?
-7
Let n(k) = k**3 + 11*k**2 + 3*k + 1. Let u(s) = -6*s**2 - 2*s - 1. Let p(v) = 3*n(v) + 5*u(v). Let a = -3 + 1. Give p(a).
-12
Let y(q) = -q**2 + 10*q - 11. Let s(m) = 9*m**3 - m**2 - m + 1. Let n be s(1). Give y(n).
5
Let t(d) = -3*d**3 + 2*d - 1. Suppose -4*p + 3*g + 1 = -0*p, -5*g = -2*p - 3. What is t(p)?
-2
Let j(t) = -t**3 - 7*t**2 - 7*t - 8. Let n = -2 - 5. Let d = -13 - n. Give j(d).
-2
Let c(m) be the third derivative of -m**6/120 + m**5/20 + m**4/12 + m**3/6 - 24*m**2. Calculate c(4).
-7
Let p(d) = d**3 - 2*d**2 - 2*d + 1. Let r be p(3). Let o = r + -9. Let k(q) = 1 - 6*q**2 - 2*q**3 + 1 - 3*q + q**3. Determine k(o).
-8
Suppose -4 = 4*h - 8*h. Let w be h/((-6)/(-8) + -1). Let x(f) = 6*f**3 + 8*f**2 - 7*f. Let a(g) = -g**3 - g**2 - 1. Let s(d) = -5*a(d) - x(d). Give s(w).
-7
Let g(f) = f + 6. Suppose -4*d = -u + 5, -u - 2*u + 4*d - 1 = 0. Calculate g(u).
3
Suppose -8 = -4*c, 0 = 5*v + 3*c + c - 8. Let p(g) = g**3 + g**2 - g + 7. What is p(v)?
7
Let d(k) be the third derivative of k**5/120 - k**4/24 + k**3/6 + 5*k**2. Let r(h) be the first derivative of d(h). Suppose v - 4 = 5*v. Determine r(v).
-2
Let j(q) = q**2 + 6*q. Let i be j(-6). Let x = i - 1. Let u(h) = 0 - 2 - 2 + 3 - h. What is u(x)?
0
Let t(h) be the third derivative of h**4/24 + h**2. Suppose 3 = 3*w - 12. Suppose -2*g + w = 1. Give t(g).
2
Let b(s) be the second derivative of -s**3/3 + 15*s. Calculate b(2).
-4
Let h(t) = -5*t - 2. Let j(a) be the first derivative of a**2 + a + 1. Let o(r) = -3*h(r) - 8*j(r). Determine o(7).
-9
Let h be -2 - -1 - 0/(-1). Let j(t) be the first derivative of 13*t**3/3 + 1. Determine j(h).
13
Suppose 0 = -5*r + r + 16. Let w(o) be the third derivative of 4*o**2 + 0*o + 1/60*o**5 + 0 - 1/3*o**3 - 1/12*o**4. Determine w(r).
6
Let y(d) = d**2 - 3*d - 2. Let l be y(4). Let o = l + 1. Let z(q) = q + 4 - 9*q**3 - o + 3*q - q**2 - 3*q. Determine z(-1).
8
Suppose -2*a + 1 + 1 = 0. Let n be (-6)/3 - (2 - a). Let t(b) = 2*b - 4. Give t(n).
-10
Let a(t) = 3*t**2 + 7*t - 4. Let w(o) = 2*o**2 + 3*o**2 - 7*o**2 - 7*o + 4. Let x(b) = -3*a(b) - 4*w(b). Give x(6).
2
Let r = -10 - -11. Let i(q) be the third derivative of -q**4/8 + q**3/6 - 3*q**2. What is i(r)?
-2
Let y(z) = -z**2 - 5*z + 6. Let b be y(-6). Suppose 0 = 4*i - 6*h + h - 24, h = 0. Suppose 2*q + b = i. Let k(d) = d**3 - 2*d**2 - 2*d - 2. Determine k(q).
1
Let g(p) be the third derivative of -p**6/120 - p**5/12 - p**4/6 - p**3/2 + 9*p**2. Let s = -8 - -4. Determine g(s).
-3
Let b = 10 + -10. Let j(k) = 81 - k**2 + b*k - k - 82 - 8*k**3. What is j(-1)?
7
Let w(d) be the second derivative of -2*d**2 + 1/3*d**3 + 0 - 2*d. Give w(4).
4
Let m(u) = u**3 + 3*u**2 - 5*u. Let q be m(-4). Let p = q + -7. Let v(i) = i**3 + 3*i**2 - 2*i + 4. Determine v(p).
10
Let o(j) be the second derivative of -7*j - 1/20*j**5 + 0 - 3/2*j**2 + 1/2*j**3 + 1/4*j**4. Determine o(3).
6
Let x(n) be the second derivative of -n**4/12 - n**3 + 4*n**2 - 11*n. Let g = 13 - 19. Give x(g).
8
Let p(m) = -2*m**2 + 4*m - 2. Suppose 2*y - 3*g - 9 = 5*y, -3*g - 21 = -3*y. Give p(y).
-2
Let f = 29 + -21. Let l = f - 12. Let g be 4*(3 - (0 - l)). Let w(b) = b + 5. Determine w(g).
1
Let g(q) be the third derivative of 1/6*q**3 + q**2 - 1/4*q**4 + 1/360*q**6 + 0*q + 1/24*q**5 + 0. Let v(l) be the first derivative of g(l). Give v(-5).
-6
Let q(p) = -3*p - 4. Let j = -11 - -14. Give q(j).
-13
Let f(q) = q**2 + 1. Let j(a) = 2*a - 5. Let c be j(3). Determine f(c).
2
Let j(g) = -g**2 - 5*g + 1. Let m(d) = d - 7. Let n be m(5). Let s = 12 + -19. Let l = s - n. Give j(l).
1
Let w(x) = -x**2 + 7*x + 4. Let u(k) = -k**3 + 8*k**2 - 5*k - 7. Let p be u(7). What is w(p)?
4
Let w = -21 - -29. Let l(q) = q - 4. Let j be l(w). Suppose -b - 3*b - j*s = 0, -3*b - 7 = -4*s. Let y(z) = -z**2. Calculate y(b).
-1
Suppose 2*q = 2 + 2. Suppose c = 5*j - 5 + 3, 4*j - c = q. Let v(w) = w**2 - 2. Calculate v(j).
-2
Suppose -3*u + 14 = 5*j, -4 = j - 4*j - 4*u. Suppose 2*r - 4*c - 8 + j = 0, -3*r - 2*c = -6. Let t(l) = -1 - 2*l + 7*l - r*l. Give t(2).
5
Let m(p) = 11*p - 1 - 10*p - 4. Suppose -3*f = -w + 2*f + 17, -w + 8 = -2*f. Let i be w/(-3)*-3 - -1. Give m(i).
-2
Let g(h) = -h**2 - h. Let d(o) = 7*o**2 + o - 4. Suppose 1 - 2 = a. Let w(m) = a*d(m) - 6*g(m). Calculate w(5).
4
Suppose 0*g - 3*g + 6 = 0. Let i be (-2)/(-3) - (-180)/54. Let v(j) = 2*j - i + 0 - 3*j - g. Give v(-5).
-1
Let o be ((-12)/15)/((-6)/15). Let q(u) be the third derivative of -o*u**2 + 1/10*u**5 + 1/120*u**6 + 0*u**3 + 0*u + 0 + 1/6*u**4. What is q(-5)?
5
Let v(d) = -4 + 3*d**3 - 2*d**3 - 3*d**2 + 0*d**2 - d. Let k(s) = s**2 + 4*s - 1. Let w = -9 - -4. Let x be k(w). Determine v(x).
8
Let s(c) = -6*c**3 + c. Suppose d = 5*z - 8 + 1, 0 = -5*d - 10. Let b be 2 + -2 + (6 - z). Let l = b + -6. Calculate s(l).
5
Let d(v) = 3 - 2 - 3 + 0 + 2*v. Give d(5).
8
Let o be (-1*1)/(3/18). Let a(j) = j**2 + 6*j - 2. What is a(o)?
-2
Let a(w) = -6*w**2 + 1. Let v = 21 + -22. Give a(v).
-5
Let k(n) be the first derivative of -3/2*n**4 + 0*n**2 - n + 5 + 1/3*n**3. Calculate k(-1).
6
Suppose 17*c + 2 = 18*c. Let b(l) = -l**3 + l**2 - l - 1. What is b(c)?
-7
Let k(h) = h**2 + 6*h**2 - 5*h**2 - 4. Let c(u) = -4*u**2 - u + 7. Let m(f) = 3*c(f) + 5*k(f). Let p(z) be the first derivative of m(z). Calculate p(-2).
5
Let o be (0 - 1)/((-10)/(-20)). Let h(d) = -9*d + 5. Let j(b) = -14*b + 8. Let t(r) = -8*h(r) + 5*j(r). Determine t(o).
-4
Let p(k) = 3*k**2. Let g(u) = u**2 + 15*u - 10. Let v be g(-16). Suppose -5*t + 2*d = -7, v*t - 3*t = 2*d + 5. What is p(t)?
3
Let i = -21 + 41. Suppose 2*u = -2*u + i. Let g(c) = -c**2 + 3*c + 7. Calculate g(u).
-3
Let f be (1/2)/(3/12). Let k(x) = x**2 + x**3 - x + x**2 - 3*x**f. Let p(l) = -l + 4. Let s be p(4). Give k(s).
0
Let t be 0*(-1 + 8/12). Let g(l) = 3*l**3 - l. Let d be g(1). Let n(b) = 1 + b**2 - d*b + b**2 + t. Calculate n(2).
5
Let r(d) be the second derivative of -5*d - 2*d**2 + 2/3*d**3 + 1/20*d**5 + 1/2*d**4 + 0. Give r(-5).
1
Let f(d) = 3*d**2 + d - 2. Let n(i) = -3*i**2 + 2. Let s(k) = 2*f(k) + 3*n(k). What is s(2)?
-6
Let z(p) = p**3 + 3*p**2 - 3. Let o(q) = 2*q + 5. Let w be o(-4). Let t be z(w). Let u(x) = -x**2 - 3*x - 1. Determine u(t).
-1
Let g be 0/(-1 + 2) + 5. Let l(c) = 2*c - c + g*c + 1 - 9*c. Give l(-1).
4
Let r(l) = -l**3 - 2*l**2 + 2*l - 2. Let h(a) = a - 3. Let w be h(5). What is r(w)?
-14
Let m(f) = f + 11. Let u be m(-9). Let a(d) = 4*d**2 + 3*d**u + 0*d**2 - 4*d**2 + 1. Let w be (1/1)/(1/1). Calculate a(w).
4
Let x(a) = -3*a**3 + 2*a**2 - 1. Let s = 36 - 35. Calculate x(s).
-2
Suppose 3*v + 1 = 4. Let n be 0*((-2)/v + 1). Let a(m) = 2 + n - 5 - 4*m. Give a(-2).
5
Let u = 47 + -41. Let v(i) = -i**2 + 2*i + 1. Calculate v(u).
-23
Suppose -3*f - 4*h - 9 = 0, 5*h - 5 = 3*f - 23. Let v(o) = -7*o**3 + 2*o**2 - o. Calculate v(f).
-6
Let p = -15 - -8. Let z = 2 + p. Let f(u) = 2*u + 5. What is f(z)?
-5
Let r(s) = 5*s**2 + 11*s + 6. Let b(h) = -h + 5. Let o be b(12). Let v(u) = -6*u**2 - 12*u - 7. Let w(k) = o*r(k) - 6*v(k). Calculate w(4).
-4
Let q(l) be the second derivative of -5*l**3/2 + l**2/2 + 3*l + 18. Let r = 3 - 2. Determine q(r).
-14
Let b(v) = 8*v + 7. Let d(m) = 4*m + 3. Let t(u) = 2*b(u) - 5*d(u). Calculate t(-3).
11
Let h = -19 - -19. Let t(m) = -3*m + 0*m - 5 + 4*m. Give t(h).
-5
Let t(g) = -3*g + 4. Let q(c) = -12*c + 15. Let y(i) = -4*q(i) + 15*t(i). Calculate y(2).
6
Let r(x) = -x + 9. Suppose 4*h - 31 = m - 4*m, 16 = 4*m - h. Suppose -3*u = -3*n - 3, -m*u + 3 = -5*n - 2*u. Determine r(n).
9
Let i(m) = 22 - 10*m**2 - 22 - 2*m**3 + 11*m**2. Give i(1).
-1
Suppose -i + 6 - 4 = 0. Let l(s) = -s. Let f(k) = -3*k + 5*k + 0*k - k**2. Let z(a) = f(a) + 2*l(a). Calculate z(i).
-4
Let n = -10 - -13. Let q(o) = o**2 - 2*o + 2. Calculate q(n).
5
Let c(r) = -2 - 59*r + 33*r + 28*r. What is c(3)?
4
Let d(g) = -g**2 - 1. Suppose -c + 48